tors of 18314?
2, 9157
List the prime factors of 23075.
5, 13, 71
List the prime factors of 699.
3, 233
List the prime factors of 1628.
2, 11, 37
List the prime factors of 15138.
2, 3, 29
List the prime factors of 25623.
3, 13, 73
List the prime factors of 463.
463
What are the prime factors of 1784?
2, 223
What are the prime factors of 4520?
2, 5, 113
List the prime factors of 1371.
3, 457
What are the prime factors of 1706?
2, 853
What are the prime factors of 12924?
2, 3, 359
What are the prime factors of 23696?
2, 1481
List the prime factors of 42665.
5, 7, 23, 53
List the prime factors of 79609.
79609
List the prime factors of 70295.
5, 17, 827
List the prime factors of 366.
2, 3, 61
What are the prime factors of 9965?
5, 1993
List the prime factors of 3058.
2, 11, 139
What are the prime factors of 1120?
2, 5, 7
List the prime factors of 3111.
3, 17, 61
What are the prime factors of 142520?
2, 5, 7, 509
What are the prime factors of 3443?
11, 313
List the prime factors of 17275.
5, 691
What are the prime factors of 4704?
2, 3, 7
What are the prime factors of 48251?
7, 61, 113
List the prime factors of 12285.
3, 5, 7, 13
What are the prime factors of 519?
3, 173
List the prime factors of 806.
2, 13, 31
What are the prime factors of 3754?
2, 1877
What are the prime factors of 10433?
10433
List the prime factors of 482.
2, 241
List the prime factors of 50215.
5, 11, 83
List the prime factors of 3931.
3931
List the prime factors of 7555.
5, 1511
List the prime factors of 37832.
2, 4729
What are the prime factors of 3728?
2, 233
What are the prime factors of 1388?
2, 347
What are the prime factors of 624?
2, 3, 13
What are the prime factors of 24353?
7, 71
What are the prime factors of 70950?
2, 3, 5, 11, 43
What are the prime factors of 61481?
7, 8783
What are the prime factors of 33886?
2, 16943
What are the prime factors of 1646?
2, 823
What are the prime factors of 3827?
43, 89
What are the prime factors of 5381?
5381
What are the prime factors of 65312?
2, 13, 157
List the prime factors of 17938.
2, 8969
What are the prime factors of 8704?
2, 17
What are the prime factors of 46136?
2, 73, 79
What are the prime factors of 4939?
11, 449
What are the prime factors of 5486?
2, 13, 211
What are the prime factors of 65409?
3, 21803
List the prime factors of 13472.
2, 421
List the prime factors of 1089.
3, 11
List the prime factors of 3416.
2, 7, 61
What are the prime factors of 54308?
2, 13577
What are the prime factors of 975?
3, 5, 13
What are the prime factors of 5904?
2, 3, 41
List the prime factors of 670.
2, 5, 67
What are the prime factors of 9904?
2, 619
What are the prime factors of 1014?
2, 3, 13
What are the prime factors of 738?
2, 3, 41
What are the prime factors of 931?
7, 19
What are the prime factors of 13679?
13679
List the prime factors of 20627.
20627
What are the prime factors of 1672?
2, 11, 19
List the prime factors of 17603.
29, 607
List the prime factors of 1805.
5, 19
What are the prime factors of 184946?
2, 19, 31, 157
What are the prime factors of 80409?
3, 7, 547
List the prime factors of 1636.
2, 409
List the prime factors of 192915.
3, 5, 1429
What are the prime factors of 3446?
2, 1723
What are the prime factors of 1811?
1811
What are the prime factors of 8985?
3, 5, 599
List the prime factors of 54037.
54037
What are the prime factors of 52120?
2, 5, 1303
List the prime factors of 47.
47
What are the prime factors of 10335?
3, 5, 13, 53
What are the prime factors of 2121?
3, 7, 101
What are the prime factors of 14473?
41, 353
List the prime factors of 1152.
2, 3
What are the prime factors of 49870?
2, 5, 4987
What are the prime factors of 722?
2, 19
What are the prime factors of 59174?
2, 29587
What are the prime factors of 23369?
23369
What are the prime factors of 466?
2, 233
List the prime factors of 617.
617
What are the prime factors of 1244?
2, 311
List the prime factors of 28614.
2, 3, 19, 251
What are the prime factors of 133394?
2, 66697
What are the prime factors of 2197?
13
What are the prime factors of 5535?
3, 5, 41
List the prime factors of 16553.
16553
List the prime factors of 109210.
2, 5, 67, 163
What are the prime factors of 30246?
2, 3, 71
List the prime factors of 29965.
5, 13, 461
List the prime factors of 1330.
2, 5, 7, 19
What are the prime factors of 8?
2
What are the prime factors of 37341?
3, 461
List the prime factors of 105076.
2, 109, 241
What are the prime factors of 8895?
3, 5, 593
What are the prime factors of 816?
2, 3, 17
What are the prime factors of 18700?
2, 5, 11, 17
What are the prime factors of 2113?
2113
List the prime factors of 2343.
3, 11, 71
List the prime factors of 25262.
2, 17, 743
List the prime factors of 52114.
2, 71, 367
List the prime factors of 1820.
2, 5, 7, 13
List the prime factors of 455.
5, 7, 13
What are the prime factors of 149729?
149729
List the prime factors of 557.
557
List the prime factors of 1571.
1571
What are the prime factors of 47601?
3, 41, 43
List the prime factors of 1138.
2, 569
What are the prime factors of 2400?
2, 3, 5
List the prime factors of 37843.
13, 41, 71
List the prime factors of 290.
2, 5, 29
What are the prime factors of 933?
3, 311
What are the prime factors of 20417?
17, 1201
What are the prime factors of 5322?
2, 3, 887
List the prime factors of 11368.
2, 7, 29
What are the prime factors of 29631?
3, 7, 17, 83
List the prime factors of 22155.
3, 5, 7, 211
List the prime factors of 10970.
2, 5, 1097
What are the prime factors of 14550?
2, 3, 5, 97
What are the prime factors of 5642?
2, 7, 13, 31
List the prime factors of 22151.
17, 1303
What are the prime factors of 16163?
7, 2309
What are the prime factors of 56445?
3, 5, 53, 71
List the prime factors of 44488.
2, 67, 83
What are the prime factors of 2927?
2927
What are the prime factors of 32?
2
What are the prime factors of 434?
2, 7, 31
What are the prime factors of 15543?
3, 11, 157
List the prime factors of 20722.
2, 13, 797
What are the prime factors of 1067?
11, 97
List the prime factors of 144.
2, 3
List the prime factors of 47514.
2, 3, 7919
List the prime factors of 2673.
3, 11
List the prime factors of 7138.
2, 43, 83
What are the prime factors of 65204?
2, 16301
What are the prime factors of 3690?
2, 3, 5, 41
List the prime factors of 14765.
5, 2953
List the prime factors of 33503.
33503
What are the prime factors of 819?
3, 7, 13
What are the prime factors of 8073?
3, 13, 23
What are the prime factors of 100808?
2, 12601
List the prime factors of 145.
5, 29
List the prime factors of 2599.
23, 113
List the prime factors of 40247.
167, 241
List the prime factors of 618.
2, 3, 103
List the prime factors of 9060.
2, 3, 5, 151
List the prime factors of 92339.
13, 7103
List the prime factors of 22241.
23, 967
List the prime factors of 2765.
5, 7, 79
List the prime factors of 342.
2, 3, 19
List the prime factors of 290.
2, 5, 29
What are the prime factors of 8883?
3, 7, 47
List the prime factors of 1434.
2, 3, 239
List the prime factors of 1531.
1531
What are the prime factors of 90?
2, 3, 5
What are the prime factors of 1311?
3, 19, 23
List the prime factors of 43425.
3, 5, 193
What are the prime factors of 856?
2, 107
What are the prime factors of 8030?
2, 5, 11, 73
List the prime factors of 4933.
4933
List the prime factors of 968.
2, 11
What are the prime factors of 7757?
7757
What are the prime factors of 1000?
2, 5
List the prime factors of 130576.
2, 8161
What are the prime factors of 15530?
2, 5, 1553
What are the prime factors of 646?
2, 17, 19
What are the prime factors of 802?
2, 401
List the prime factors of 20207.
11, 167
What are the prime factors of 24301?
19, 1279
List the prime factors of 6355.
5, 31, 41
What are the prime factors of 5670?
2, 3, 5, 7
List the prime factors of 37909.
167, 227
List the prime factors of 1033.
1033
What are the prime factors of 1565?
5, 313
What are the prime factors of 4458?
2, 3, 743
What are the prime factors of 1605?
3, 5, 107
What are the prime factors of 13373?
43, 311
What are the prime factors of 25592?
2, 7, 457
List the prime factors of 1726.
2, 863
List the prime factors of 6867.
3, 7, 109
What are the prime factors of 64418?
2, 31, 1039
What are the prime factors of 15219?
3, 19, 89
List the prime facto